{"id":99,"date":"2021-08-26T14:38:19","date_gmt":"2021-08-26T14:38:19","guid":{"rendered":"https:\/\/zupnija-lesce.rkc.si\/?page_id=99"},"modified":"2021-08-26T14:44:52","modified_gmt":"2021-08-26T14:44:52","slug":"o-zupniji","status":"publish","type":"page","link":"https:\/\/zupnija-lesce.rkc.si\/index.php\/o-zupniji\/","title":{"rendered":"Zgodovina \u017eupnije"},"content":{"rendered":"\n<p>\u017dupnija Lesce<\/p>\n\n\n\n<p>\u017de iz Nantwinove listine izvemo, da je od okrog leta 1121 tudi nad le\u0161ko kapelo imel jurisdikcijo \u017eupnik \u017eupnije Svetega Klemena na Rodinah (Hervigo plebano, qui plebem S. Clementis regebat). Gorjanski \u017eupnik je, potem ko je tam pred letom 1296 nastala \u017eupnija, \u0161e vedno u\u017eival pravice do svoje posesti v Lescah. Te pravice je vsaj dvakrat (v letih 1394 in 1398) potrdil oglejski patriarh. \u0160lo je namre\u010d za tipi\u010dno enklavo kot posledico lastni\u0161ke cerkve. Formalno je le\u0161ka cerkev ostala gorjanska podru\u017enica do priklju\u010ditve radovlji\u0161ki \u017eupniji v 16. stoletju. Ko so leta 1394 od patriarha prejeli patronat nad \u017eupnijama Radovljica in Gorje grofje Ortenbur\u017eani, se je posestno stanje spremenilo. Leta 1398 so ustanovili beneficij oziroma kaplanijo Matere bo\u017eje in tako je bila le\u0161ka cerkev osvobojena odvisnosti od gorjanskega \u017eupnika.<\/p>\n\n\n\n<p>Ortenbur\u017eani so leta 1418 izumrli, zato je njihova posest po dedni pogodbi pripadla grofom Celjskim, po njihovem izumrtju leta 1456 pa Habsbur\u017eanom. Grofje Celjski so po letu 1418 ustanovili oltarni beneficij svete Katarine, s \u010dimer je le\u0161ka cerkev postala ena najbolje dotiranih pode\u017eelskih cerkva na Gorenjskem.<\/p>\n\n\n\n<p>Po ustanovitvi ljubljanske \u0161kofije 6. decembra 1461 se v radovlji\u0161ki matrikuli iz leta 1468 le\u0161ka cerkev izrecno \u0161e ne navaja. Posredno pa jo \u017ee omenja seznam klju\u010darjev cerkva radovlji\u0161ke \u017eupnije iz leta 1464, ko je bila le ta \u017ee del nove \u0161kofije. Za Lesce sta bila imenovana Miha Volf in Martin Krail. Izrecno pa se le\u0161ka cerkev kot del radovlji\u0161ke \u017eupnije omenja v vizitacijah iz leta 1571.<\/p>\n\n\n\n<p>Redno bogoslu\u017eje se je v Lescah za\u010delo opravljati \u0161ele potem, ko so bili ustanovljeni beneficiati. Prvi v virih izpri\u010dani beneficijat je leta 1469 imel Jurij Buss.<\/p>\n\n\n\n<p>Vizitacijski zapisniki ljubljanske \u0161kofije v \u010dasu \u0161kofa Rinalda Scarlicchija iz leta 1631 le\u0161ko cerkev obravnavajo le \u0161e kot radovlji\u0161ko podru\u017enico.<\/p>\n\n\n\n<p>Obseg \u017eupnije ob ustanovitvi leta 1787 je bil enak sedanjemu; pripadajo\u010da naselja so (bila) Lesce, Hra\u0161e, Hlebce in Nova vas. Vzrok za nastanek \u017eupnije gre pripisati starodavni bo\u017ejepotni tradiciji, saj \u0161tevilo prebivalcev navedenih naselij ni bilo tolik\u0161no, da bi bila izkazana potreba po samostojni \u017eupniji. Ko je leta 1802 oblast posku\u0161ala racionalizirati cerkveno upravo, je \u017eupnijo ukinila. Le\u0161\u010dani so se temu odlo\u010dno uprli in s pomo\u010djo \u0161kofije dosegli, da je bila \u017eupnija leta 1806 ponovno potrjena.<\/p>\n\n\n\n<p>Sedanje \u017eupni\u0161\u010de je bilo neko\u010d romarski dom. Stavba je bila v osnovi dvonadstropna. Ko so bila romanja ukinjena, je prvotna stavba propadala. Ob ustanovitvi \u017eupnije so jo za eno nadstropje zni\u017eali, med drugo svetovno vojno sta bila v \u017eupni\u0161\u010du vrtec in voja\u0161ka postojanka. Zunanj\u0161\u010dina stavbe je bila obnovljena leta 1990, ko je bil dograjen tudi prizidek.<\/p>\n","protected":false},"excerpt":{"rendered":"<p>\u017dupnija Lesce \u017de iz Nantwinove listine izvemo, da je od okrog leta 1121 tudi nad le\u0161ko kapelo imel jurisdikcijo \u017eupnik \u017eupnije Svetega Klemena na Rodinah (Hervigo plebano, qui plebem S. Clementis regebat). Gorjanski \u017eupnik je, [&hellip;]<\/p>\n","protected":false},"author":1,"featured_media":0,"parent":0,"menu_order":0,"comment_status":"closed","ping_status":"closed","template":"page-templates\/page_fullwidth.php","meta":{"_bbp_topic_count":0,"_bbp_reply_count":0,"_bbp_total_topic_count":0,"_bbp_total_reply_count":0,"_bbp_voice_count":0,"_bbp_anonymous_reply_count":0,"_bbp_topic_count_hidden":0,"_bbp_reply_count_hidden":0,"_bbp_forum_subforum_count":0,"footnotes":""},"class_list":["post-99","page","type-page","status-publish","hentry"],"_links":{"self":[{"href":"https:\/\/zupnija-lesce.rkc.si\/index.php\/wp-json\/wp\/v2\/pages\/99","targetHints":{"allow":["GET"]}}],"collection":[{"href":"https:\/\/zupnija-lesce.rkc.si\/index.php\/wp-json\/wp\/v2\/pages"}],"about":[{"href":"https:\/\/zupnija-lesce.rkc.si\/index.php\/wp-json\/wp\/v2\/types\/page"}],"author":[{"embeddable":true,"href":"https:\/\/zupnija-lesce.rkc.si\/index.php\/wp-json\/wp\/v2\/users\/1"}],"replies":[{"embeddable":true,"href":"https:\/\/zupnija-lesce.rkc.si\/index.php\/wp-json\/wp\/v2\/comments?post=99"}],"version-history":[{"count":2,"href":"https:\/\/zupnija-lesce.rkc.si\/index.php\/wp-json\/wp\/v2\/pages\/99\/revisions"}],"predecessor-version":[{"id":105,"href":"https:\/\/zupnija-lesce.rkc.si\/index.php\/wp-json\/wp\/v2\/pages\/99\/revisions\/105"}],"wp:attachment":[{"href":"https:\/\/zupnija-lesce.rkc.si\/index.php\/wp-json\/wp\/v2\/media?parent=99"}],"curies":[{"name":"wp","href":"https:\/\/api.w.org\/{rel}","templated":true}]}}