{"id":2438,"date":"2025-02-13T19:22:54","date_gmt":"2025-02-13T18:22:54","guid":{"rendered":"https:\/\/zupnija-lesce.rkc.si\/?page_id=2438"},"modified":"2025-02-13T19:28:17","modified_gmt":"2025-02-13T18:28:17","slug":"krasilci-cerkve","status":"publish","type":"page","link":"https:\/\/zupnija-lesce.rkc.si\/index.php\/krasilci-cerkve\/","title":{"rendered":"Krasitev cerkve"},"content":{"rendered":"\t\t<div data-elementor-type=\"wp-page\" data-elementor-id=\"2438\" class=\"elementor elementor-2438\">\n\t\t\t\t\t\t<section class=\"elementor-section elementor-top-section elementor-element elementor-element-a237ea1 elementor-section-boxed elementor-section-height-default elementor-section-height-default\" data-id=\"a237ea1\" data-element_type=\"section\" data-e-type=\"section\">\n\t\t\t\t\t\t<div class=\"elementor-container elementor-column-gap-default\">\n\t\t\t\t\t<div class=\"elementor-column elementor-col-100 elementor-top-column elementor-element elementor-element-4c73ff6\" data-id=\"4c73ff6\" data-element_type=\"column\" data-e-type=\"column\">\n\t\t\t<div class=\"elementor-widget-wrap elementor-element-populated\">\n\t\t\t\t\t\t<div class=\"elementor-element elementor-element-7b77172 elementor-widget elementor-widget-image\" data-id=\"7b77172\" data-element_type=\"widget\" data-e-type=\"widget\" data-widget_type=\"image.default\">\n\t\t\t\t<div class=\"elementor-widget-container\">\n\t\t\t\t\t\t\t\t\t\t\t\t\t\t\t<img fetchpriority=\"high\" decoding=\"async\" width=\"2560\" height=\"1623\" src=\"https:\/\/zupnija-lesce.rkc.si\/wp-content\/uploads\/2025\/01\/DSC_8835-1-scaled.jpg\" class=\"attachment-full size-full wp-image-2464\" alt=\"\" srcset=\"https:\/\/zupnija-lesce.rkc.si\/wp-content\/uploads\/2025\/01\/DSC_8835-1-scaled.jpg 2560w, https:\/\/zupnija-lesce.rkc.si\/wp-content\/uploads\/2025\/01\/DSC_8835-1-300x190.jpg 300w, https:\/\/zupnija-lesce.rkc.si\/wp-content\/uploads\/2025\/01\/DSC_8835-1-1024x649.jpg 1024w, https:\/\/zupnija-lesce.rkc.si\/wp-content\/uploads\/2025\/01\/DSC_8835-1-768x487.jpg 768w, https:\/\/zupnija-lesce.rkc.si\/wp-content\/uploads\/2025\/01\/DSC_8835-1-1536x974.jpg 1536w, https:\/\/zupnija-lesce.rkc.si\/wp-content\/uploads\/2025\/01\/DSC_8835-1-2048x1298.jpg 2048w, https:\/\/zupnija-lesce.rkc.si\/wp-content\/uploads\/2025\/01\/DSC_8835-1-830x526.jpg 830w, https:\/\/zupnija-lesce.rkc.si\/wp-content\/uploads\/2025\/01\/DSC_8835-1-230x146.jpg 230w, https:\/\/zupnija-lesce.rkc.si\/wp-content\/uploads\/2025\/01\/DSC_8835-1-350x222.jpg 350w, https:\/\/zupnija-lesce.rkc.si\/wp-content\/uploads\/2025\/01\/DSC_8835-1-480x304.jpg 480w\" sizes=\"(max-width: 2560px) 100vw, 2560px\" \/>\t\t\t\t\t\t\t\t\t\t\t\t\t\t\t<\/div>\n\t\t\t\t<\/div>\n\t\t\t\t\t<\/div>\n\t\t<\/div>\n\t\t\t\t\t<\/div>\n\t\t<\/section>\n\t\t\t\t<section class=\"elementor-section elementor-top-section elementor-element elementor-element-c050c5d elementor-section-boxed elementor-section-height-default elementor-section-height-default\" data-id=\"c050c5d\" data-element_type=\"section\" data-e-type=\"section\">\n\t\t\t\t\t\t<div class=\"elementor-container elementor-column-gap-default\">\n\t\t\t\t\t<div class=\"elementor-column elementor-col-100 elementor-top-column elementor-element elementor-element-be1f0df\" data-id=\"be1f0df\" data-element_type=\"column\" data-e-type=\"column\">\n\t\t\t<div class=\"elementor-widget-wrap elementor-element-populated\">\n\t\t\t\t\t\t<div class=\"elementor-element elementor-element-9cda83c elementor-widget elementor-widget-text-editor\" data-id=\"9cda83c\" data-element_type=\"widget\" data-e-type=\"widget\" data-widget_type=\"text-editor.default\">\n\t\t\t\t<div class=\"elementor-widget-container\">\n\t\t\t\t\t\t\t\t\t<p>Hvala vsem, ki poskrbite za kra\u0161enje cerkve, ko pridete na vrsto. To je najve\u010dkrat \u201cskrito delo\u201d, povezano z organizacijo, stro\u0161ki, odpovedjo in skrbmi.\u00a0<\/p><div>Vendar je ta vlo\u017een trud po vidni cerkvi shranjen v \u017eivi Cerkvi in delo, narejeno z ljubeznijo, bo ostalo za vedno. Lepo je, da poskrbite za doma\u010do cerkev. Lepo je, da vas je v to delo vklju\u010denih \u010dim ve\u010d z va\u0161ega obmo\u010dja, saj je to lahko tudi prilo\u017enost, da se dru\u017eimo, poklepetamo in skupaj ustvarjamo \u017eivo cerkev.<\/div><div>\u00a0<\/div><div><div dir=\"auto\">\u010ce bi kdo \u017eelel na novo pomagati pri kra\u0161enju ali ga zanima karkoli glede kra\u0161enja, naj se pove\u017ee s sosedi ali obrne na kontaktno osebo Jano : 031 523\u00a0130.<\/div><div dir=\"auto\">\u00a0<\/div><\/div>\t\t\t\t\t\t\t\t<\/div>\n\t\t\t\t<\/div>\n\t\t\t\t\t<\/div>\n\t\t<\/div>\n\t\t\t\t\t<\/div>\n\t\t<\/section>\n\t\t\t\t<section class=\"elementor-section elementor-top-section elementor-element elementor-element-aa657a5 elementor-section-boxed elementor-section-height-default elementor-section-height-default\" data-id=\"aa657a5\" data-element_type=\"section\" data-e-type=\"section\">\n\t\t\t\t\t\t<div class=\"elementor-container elementor-column-gap-default\">\n\t\t\t\t\t<div class=\"elementor-column elementor-col-50 elementor-top-column elementor-element elementor-element-ee255ca\" data-id=\"ee255ca\" data-element_type=\"column\" data-e-type=\"column\">\n\t\t\t<div class=\"elementor-widget-wrap elementor-element-populated\">\n\t\t\t\t\t\t<div class=\"elementor-element elementor-element-b27fc9c elementor-view-default elementor-widget elementor-widget-icon\" data-id=\"b27fc9c\" data-element_type=\"widget\" data-e-type=\"widget\" data-widget_type=\"icon.default\">\n\t\t\t\t<div class=\"elementor-widget-container\">\n\t\t\t\t\t\t\t<div class=\"elementor-icon-wrapper\">\n\t\t\t<a class=\"elementor-icon elementor-animation-grow\" href=\"https:\/\/zupnija-lesce.rkc.si\/wp-content\/uploads\/2025\/02\/krasitev-po-obmocjih-feb-25-dec-25.xlsx\">\n\t\t\t<i aria-hidden=\"true\" class=\"fas fa-file\"><\/i>\t\t\t<\/a>\n\t\t<\/div>\n\t\t\t\t\t\t<\/div>\n\t\t\t\t<\/div>\n\t\t\t\t\t<\/div>\n\t\t<\/div>\n\t\t\t\t<div class=\"elementor-column elementor-col-50 elementor-top-column elementor-element elementor-element-5531042\" data-id=\"5531042\" data-element_type=\"column\" data-e-type=\"column\">\n\t\t\t<div class=\"elementor-widget-wrap elementor-element-populated\">\n\t\t\t\t\t\t<div class=\"elementor-element elementor-element-9a01aaf elementor-widget elementor-widget-text-editor\" data-id=\"9a01aaf\" data-element_type=\"widget\" data-e-type=\"widget\" data-widget_type=\"text-editor.default\">\n\t\t\t\t<div class=\"elementor-widget-container\">\n\t\t\t\t\t\t\t\t\t<p><a id=\"wp-block-file--media-e8bef8e8-e62c-46dc-894f-4adcfcdfa318\" href=\"https:\/\/zupnija-lesce.rkc.si\/wp-content\/uploads\/2024\/11\/krasitev-po-obmocjih-od-okt-24-marec-24-.xlsx\" data-wplink-edit=\"true\">Razpored krasitev po obmo\u010djih od feb 25 \u2013 dec 25<\/a><\/p>\t\t\t\t\t\t\t\t<\/div>\n\t\t\t\t<\/div>\n\t\t\t\t\t<\/div>\n\t\t<\/div>\n\t\t\t\t\t<\/div>\n\t\t<\/section>\n\t\t\t\t<\/div>\n\t\t","protected":false},"excerpt":{"rendered":"<p>Hvala vsem, ki poskrbite za kra\u0161enje cerkve, ko pridete na vrsto. To je najve\u010dkrat \u201cskrito delo\u201d, povezano z organizacijo, stro\u0161ki, odpovedjo in skrbmi.\u00a0 Vendar je ta vlo\u017een trud po vidni cerkvi shranjen v \u017eivi Cerkvi [&hellip;]<\/p>\n","protected":false},"author":2,"featured_media":0,"parent":0,"menu_order":0,"comment_status":"closed","ping_status":"closed","template":"","meta":{"_bbp_topic_count":0,"_bbp_reply_count":0,"_bbp_total_topic_count":0,"_bbp_total_reply_count":0,"_bbp_voice_count":0,"_bbp_anonymous_reply_count":0,"_bbp_topic_count_hidden":0,"_bbp_reply_count_hidden":0,"_bbp_forum_subforum_count":0,"footnotes":""},"class_list":["post-2438","page","type-page","status-publish","hentry"],"_links":{"self":[{"href":"https:\/\/zupnija-lesce.rkc.si\/index.php\/wp-json\/wp\/v2\/pages\/2438","targetHints":{"allow":["GET"]}}],"collection":[{"href":"https:\/\/zupnija-lesce.rkc.si\/index.php\/wp-json\/wp\/v2\/pages"}],"about":[{"href":"https:\/\/zupnija-lesce.rkc.si\/index.php\/wp-json\/wp\/v2\/types\/page"}],"author":[{"embeddable":true,"href":"https:\/\/zupnija-lesce.rkc.si\/index.php\/wp-json\/wp\/v2\/users\/2"}],"replies":[{"embeddable":true,"href":"https:\/\/zupnija-lesce.rkc.si\/index.php\/wp-json\/wp\/v2\/comments?post=2438"}],"version-history":[{"count":13,"href":"https:\/\/zupnija-lesce.rkc.si\/index.php\/wp-json\/wp\/v2\/pages\/2438\/revisions"}],"predecessor-version":[{"id":2503,"href":"https:\/\/zupnija-lesce.rkc.si\/index.php\/wp-json\/wp\/v2\/pages\/2438\/revisions\/2503"}],"wp:attachment":[{"href":"https:\/\/zupnija-lesce.rkc.si\/index.php\/wp-json\/wp\/v2\/media?parent=2438"}],"curies":[{"name":"wp","href":"https:\/\/api.w.org\/{rel}","templated":true}]}}